{"id":2063,"date":"2021-09-15T08:37:14","date_gmt":"2021-09-15T06:37:14","guid":{"rendered":"http:\/\/spkluczewsko.pl\/?page_id=2063"},"modified":"2021-09-17T11:07:37","modified_gmt":"2021-09-17T09:07:37","slug":"dyrekcja","status":"publish","type":"page","link":"https:\/\/spkluczewsko.pl\/?page_id=2063","title":{"rendered":"Dyrekcja"},"content":{"rendered":"\t\t<div data-elementor-type=\"wp-page\" data-elementor-id=\"2063\" class=\"elementor elementor-2063\">\n\t\t\t\t\t\t<section class=\"elementor-section elementor-top-section elementor-element elementor-element-bdf54be elementor-section-boxed elementor-section-height-default elementor-section-height-default\" data-id=\"bdf54be\" data-element_type=\"section\">\n\t\t\t\t\t\t<div class=\"elementor-container elementor-column-gap-default\">\n\t\t\t\t\t<div class=\"elementor-column elementor-col-100 elementor-top-column elementor-element elementor-element-295ea3d\" data-id=\"295ea3d\" data-element_type=\"column\">\n\t\t\t<div class=\"elementor-widget-wrap elementor-element-populated\">\n\t\t\t\t\t\t<div class=\"elementor-element elementor-element-ec251ef elementor-widget elementor-widget-text-editor\" data-id=\"ec251ef\" data-element_type=\"widget\" data-widget_type=\"text-editor.default\">\n\t\t\t\t<div class=\"elementor-widget-container\">\n\t\t\t\t\t\t\t<p style=\"text-align: center;\"><strong>DYREKTOR SZKO\u0141Y:<\/strong><\/p><p style=\"text-align: center;\"><strong>mgr IRENA ORZECHOWSKA\u00a0&#8211;\u00a0<\/strong>Absolwentka Kieleckiej Wy\u017cszej Szko\u0142y Pedagogicznej, (Oddzia\u0142 Zamiejscowy w Piotrkowie Trybunalskim). Kierunek: Nauczanie Pocz\u0105tkowe. W latach 1985-1996 Dyrektor Szko\u0142y Podstawowej w \u0141apczynej Woli. Od 1 marca 2001 na stanowisku Dyrektora ZPS w Kluczewsku.<\/p><p style=\"text-align: center;\">Dotychczasowi dyrektorzy:<\/p><p style=\"text-align: center;\"><strong>Hany\u017c Henryk<\/strong><br \/><strong>Dumin Jerzy<\/strong><br \/><strong>Warzy\u0144ski Jan<\/strong><br \/><strong>Szota Bronis\u0142aw<\/strong><br \/><strong>Waszkiewicz W\u0142adys\u0142aw<\/strong><\/p>\t\t\t\t\t\t<\/div>\n\t\t\t\t<\/div>\n\t\t\t\t\t<\/div>\n\t\t<\/div>\n\t\t\t\t\t<\/div>\n\t\t<\/section>\n\t\t\t\t<\/div>\n\t\t","protected":false},"excerpt":{"rendered":"<p>DYREKTOR SZKO\u0141Y: mgr IRENA ORZECHOWSKA\u00a0&#8211;\u00a0Absolwentka Kieleckiej Wy\u017cszej Szko\u0142y Pedagogicznej, (Oddzia\u0142 Zamiejscowy w Piotrkowie Trybunalskim). Kierunek: Nauczanie Pocz\u0105tkowe. W latach 1985-1996 Dyrektor Szko\u0142y Podstawowej w \u0141apczynej Woli. Od 1 marca 2001 na stanowisku Dyrektora ZPS w Kluczewsku. Dotychczasowi dyrektorzy: Hany\u017c HenrykDumin JerzyWarzy\u0144ski JanSzota Bronis\u0142awWaszkiewicz W\u0142adys\u0142aw<\/p>\n","protected":false},"author":2,"featured_media":0,"parent":0,"menu_order":0,"comment_status":"closed","ping_status":"closed","template":"","meta":{"ngg_post_thumbnail":0,"footnotes":""},"class_list":["post-2063","page","type-page","status-publish","hentry"],"_links":{"self":[{"href":"https:\/\/spkluczewsko.pl\/index.php?rest_route=\/wp\/v2\/pages\/2063","targetHints":{"allow":["GET"]}}],"collection":[{"href":"https:\/\/spkluczewsko.pl\/index.php?rest_route=\/wp\/v2\/pages"}],"about":[{"href":"https:\/\/spkluczewsko.pl\/index.php?rest_route=\/wp\/v2\/types\/page"}],"author":[{"embeddable":true,"href":"https:\/\/spkluczewsko.pl\/index.php?rest_route=\/wp\/v2\/users\/2"}],"replies":[{"embeddable":true,"href":"https:\/\/spkluczewsko.pl\/index.php?rest_route=%2Fwp%2Fv2%2Fcomments&post=2063"}],"version-history":[{"count":7,"href":"https:\/\/spkluczewsko.pl\/index.php?rest_route=\/wp\/v2\/pages\/2063\/revisions"}],"predecessor-version":[{"id":2389,"href":"https:\/\/spkluczewsko.pl\/index.php?rest_route=\/wp\/v2\/pages\/2063\/revisions\/2389"}],"wp:attachment":[{"href":"https:\/\/spkluczewsko.pl\/index.php?rest_route=%2Fwp%2Fv2%2Fmedia&parent=2063"}],"curies":[{"name":"wp","href":"https:\/\/api.w.org\/{rel}","templated":true}]}}