{"id":2103,"date":"2021-09-15T08:44:08","date_gmt":"2021-09-15T06:44:08","guid":{"rendered":"http:\/\/spkluczewsko.pl\/?page_id=2103"},"modified":"2026-02-17T09:56:25","modified_gmt":"2026-02-17T08:56:25","slug":"rekrutacja","status":"publish","type":"page","link":"https:\/\/spkluczewsko.pl\/?page_id=2103","title":{"rendered":"Rekrutacja"},"content":{"rendered":"<p style=\"text-align: center;\"><span style=\"color: #ff0000; font-size: 24px;\"><strong>ZAPRASZAMY DZIECI DO PRZEDSZKOLA<\/strong><\/span><\/p>\n<p style=\"text-align: center;\"><span style=\"color: #ff0000; font-size: 24px;\"><strong>na rok szkolny 2026\/2027<br \/>\n<\/strong><\/span><\/p>\n<p style=\"text-align: justify;\"><strong>Karty zg\u0142oszenia dziecka do Przedszkola w Zespole Przedszkolno-Szkolnym&nbsp;<\/strong><strong>w Kluczewsku dost\u0119pne s\u0105 w sekretariacie szko\u0142y, w przedszkolu oraz na stronie zespo\u0142u&nbsp;<\/strong><a href=\"http:\/\/www.spkluczewsko.na16.pl\/\">www.spkluczewsko.pl<\/a>&nbsp;w zak\u0142adce&nbsp;<a href=\"https:\/\/spkluczewsko.pl\/?page_id=2067\">\u201eDokumenty szkolne\u201d<\/a>&nbsp;lub&nbsp;<a href=\"https:\/\/spkluczewsko.pl\/wp-content\/uploads\/2026\/02\/Wniosek-o-przyjecie-do-Przedszkola-2026-2027.doc\">TUTAJ (Wniosek o przyj\u0119cie do przedszkola).<\/a><\/p>\n<p style=\"text-align: justify;\"><em>Wype\u0142nione karty oddajemy&nbsp;<strong><u>w sekretariacie szko\u0142y<\/u><\/strong><strong><u><br \/>\n<\/u><\/strong>W razie pyta\u0144 prosz\u0119 kontaktowa\u0107 si\u0119&nbsp;<u>z sekretariatem szko\u0142y tel.:&nbsp;<strong>447814287<\/strong><\/u><\/em><\/p>\n<p style=\"text-align: justify;\"><strong>Do przedszkola przyjmowane s\u0105 dzieci na ca\u0142y etap edukacyjny. Rodzice dzieci ju\u017c ucz\u0119szczaj\u0105cych na kolejny rok wype\u0142niaj\u0105&nbsp;&nbsp;<\/strong><strong>\u201eDeklaracj\u0119 o kontynuowaniu wychowania&nbsp; przedszkolnego\u201d.&nbsp;<\/strong><strong>Deklaracj\u0119, o kt\u00f3rej mowa sk\u0142ada si\u0119 w terminie&nbsp;&nbsp;<\/strong><strong><u>do 27 lutego 2026 r.<\/u><\/strong><strong>&nbsp;w\u0142\u0105cznie.<\/strong><\/p>\n<p><strong><u>Kalendarz Rekrutacji na rok szkolny 2026\/2027<\/u><\/strong><\/p>\n<table>\n<tbody>\n<tr>\n<td width=\"31\"><strong>Lp.<\/strong><\/td>\n<td width=\"329\"><strong>Etapy post\u0119powania<\/strong><\/td>\n<td width=\"120\"><strong>&nbsp;Post\u0119powanie rekrutacyjne<\/strong><\/td>\n<td width=\"130\"><strong>&nbsp;Post\u0119powanie uzupe\u0142niaj\u0105ce w przypadku wolnych miejsc<\/strong><\/td>\n<\/tr>\n<tr>\n<td width=\"31\">1.<\/td>\n<td width=\"329\">Z\u0142o\u017cenie wniosku o przyj\u0119cie do przedszkola, szko\u0142y podstawowej wraz z dokumentami potwierdzaj\u0105cymi spe\u0142nienie przez kandydata kryteri\u00f3w branych pod uwag\u0119 w post\u0119powaniu rekrutacyjnym<\/td>\n<td width=\"120\"><em>02.03.2026r.<\/em>&nbsp;<\/p>\n<p><em>20.03.2026r.<\/em><\/td>\n<td width=\"130\"><em>18.05.2026r.<\/em>&nbsp;<\/p>\n<p><em>29.05.2026r.<\/em><\/td>\n<\/tr>\n<tr>\n<td width=\"31\">2.<\/td>\n<td width=\"329\">&nbsp;Weryfikacja przez komisj\u0119 rekrutacyjn\u0105 wniosk\u00f3w o przyj\u0119cie do przedszkola, szko\u0142y podstawowej wraz z dokumentami potwierdzaj\u0105cymi spe\u0142nienie przez kandydata kryteri\u00f3w branych pod uwag\u0119 w post\u0119powaniu rekrutacyjnym, w tym dokonanie przez przewodnicz\u0105cego komisji rekrutacyjnej czynno\u015bci ustawowych<\/td>\n<td width=\"120\"><em>23.03.2026r.<\/em>&nbsp;<\/p>\n<p><em>25.03.2026r.<\/em><\/td>\n<td width=\"130\"><em>01.06.2026r.<\/em>&nbsp;<\/p>\n<p><em>03.06.2026r.<\/em><\/td>\n<\/tr>\n<tr>\n<td width=\"31\">3.<\/td>\n<td width=\"329\">Podanie do publicznej wiadomo\u015bci przez komisj\u0119 rekrutacyjn\u0105 listy kandydat\u00f3w zakwalifikowanych i kandydat\u00f3w niezakwalifikowanych<\/td>\n<td width=\"120\"><em>26.03.2026r.<\/em><\/td>\n<td width=\"130\"><em>&nbsp;04.06.2026r.<\/em><\/td>\n<\/tr>\n<tr>\n<td width=\"31\">4.<\/td>\n<td width=\"329\">Potwierdzenie przez rodzica kandydata woli przyj\u0119cia&nbsp; w postaci pisemnego o\u015bwiadczenia<\/td>\n<td width=\"120\"><em>27.03.2026r.<\/em>&nbsp;<\/p>\n<p><em>09.04.2026r.<\/em><\/td>\n<td width=\"130\"><em>05.06.2026r.<\/em>&nbsp;<\/p>\n<p><em>11.06.2026r.<\/em><\/td>\n<\/tr>\n<tr>\n<td width=\"31\">5.<\/td>\n<td width=\"329\">Podanie do publicznej wiadomo\u015bci przez komisj\u0119 rekrutacyjn\u0105 listy kandydat\u00f3w przyj\u0119tych i kandydat\u00f3w nieprzyj\u0119tych<\/td>\n<td width=\"120\"><em>10.04.2026r.<\/em><\/td>\n<td width=\"130\"><em>12.06.2026r.<\/em><\/td>\n<\/tr>\n<\/tbody>\n<\/table>\n","protected":false},"excerpt":{"rendered":"<p>ZAPRASZAMY DZIECI DO PRZEDSZKOLA na rok szkolny 2026\/2027 Karty zg\u0142oszenia dziecka do Przedszkola w Zespole Przedszkolno-Szkolnym&nbsp;w Kluczewsku dost\u0119pne s\u0105 w sekretariacie szko\u0142y, w przedszkolu oraz na stronie zespo\u0142u&nbsp;www.spkluczewsko.pl&nbsp;w zak\u0142adce&nbsp;\u201eDokumenty szkolne\u201d&nbsp;lub&nbsp;TUTAJ (Wniosek o przyj\u0119cie do przedszkola). Wype\u0142nione karty oddajemy&nbsp;w sekretariacie szko\u0142y W razie pyta\u0144 prosz\u0119 kontaktowa\u0107 si\u0119&nbsp;z sekretariatem szko\u0142y tel.:&nbsp;447814287 Do [&hellip;]<\/p>\n","protected":false},"author":2,"featured_media":0,"parent":0,"menu_order":0,"comment_status":"closed","ping_status":"closed","template":"","meta":{"ngg_post_thumbnail":0,"footnotes":""},"class_list":["post-2103","page","type-page","status-publish","hentry"],"_links":{"self":[{"href":"https:\/\/spkluczewsko.pl\/index.php?rest_route=\/wp\/v2\/pages\/2103","targetHints":{"allow":["GET"]}}],"collection":[{"href":"https:\/\/spkluczewsko.pl\/index.php?rest_route=\/wp\/v2\/pages"}],"about":[{"href":"https:\/\/spkluczewsko.pl\/index.php?rest_route=\/wp\/v2\/types\/page"}],"author":[{"embeddable":true,"href":"https:\/\/spkluczewsko.pl\/index.php?rest_route=\/wp\/v2\/users\/2"}],"replies":[{"embeddable":true,"href":"https:\/\/spkluczewsko.pl\/index.php?rest_route=%2Fwp%2Fv2%2Fcomments&post=2103"}],"version-history":[{"count":24,"href":"https:\/\/spkluczewsko.pl\/index.php?rest_route=\/wp\/v2\/pages\/2103\/revisions"}],"predecessor-version":[{"id":11600,"href":"https:\/\/spkluczewsko.pl\/index.php?rest_route=\/wp\/v2\/pages\/2103\/revisions\/11600"}],"wp:attachment":[{"href":"https:\/\/spkluczewsko.pl\/index.php?rest_route=%2Fwp%2Fv2%2Fmedia&parent=2103"}],"curies":[{"name":"wp","href":"https:\/\/api.w.org\/{rel}","templated":true}]}}