{"id":2115,"date":"2021-09-15T08:45:59","date_gmt":"2021-09-15T06:45:59","guid":{"rendered":"http:\/\/spkluczewsko.pl\/?page_id=2115"},"modified":"2023-03-03T09:50:31","modified_gmt":"2023-03-03T08:50:31","slug":"swietlica","status":"publish","type":"page","link":"https:\/\/spkluczewsko.pl\/?page_id=2115","title":{"rendered":"\u015awietlica"},"content":{"rendered":"<p style=\"text-align: justify;\">\u015awietlica szkolna funkcjonuje od godz. 7-16. W tym czasie przebywaj\u0105 w niej uczniowie doje\u017cd\u017caj\u0105cy autobusem szkolnym, oczekuj\u0105cy na przyj\u015bcie rodzic\u00f3w czy opiekun\u00f3w oraz maj\u0105cy przerw\u0119 w nauce wynikaj\u0105c\u0105 z planu nauczania.<\/p>\n<p style=\"text-align: justify;\">Wychowawcy czuwaj\u0105 nad bezpiecze\u0144stwem i dbaj\u0105 o przystosowanie si\u0119 wychowank\u00f3w do regu\u0142 obowi\u0105zuj\u0105cych w \u015bwietlicy.<\/p>\n<p style=\"text-align: justify;\">&nbsp;&nbsp;&nbsp;&nbsp;&nbsp;&nbsp;&nbsp;&nbsp;&nbsp;&nbsp;&nbsp; Realizowane s\u0105 zaj\u0119cia zgodnie z tygodniowym rozk\u0142adem:<\/p>\n<ul style=\"text-align: justify;\">\n<li>zaj\u0119cia plastyczne<\/li>\n<li>zaj\u0119cia umuzykalniaj\u0105ce<\/li>\n<li>zaj\u0119cia czytelnicze<\/li>\n<li>gry i zabawy zespo\u0142owe<\/li>\n<li>zabawy tematyczne<\/li>\n<li>pogadanki, konkursy<\/li>\n<li>zabawy z wykorzystaniem dramy<\/li>\n<li>zabawy konstrukcyjno &#8211; manipulacyjne<\/li>\n<li>zaj\u0119cia rekreacyjno \u2013 ruchowe<\/li>\n<\/ul>\n<p style=\"text-align: justify;\">Uczniowie bardzo ch\u0119tnie si\u0119gaj\u0105 po gry planszowe i klocki, kt\u00f3re co roku uzupe\u0142niane s\u0105 nowymi i atrakcyjnymi.<\/p>\n<p style=\"text-align: justify;\">\u015awietlica szkolna wspomaga dzia\u0142ania szko\u0142y w procesie dydaktyczno \u2013 wychowawczym, wsp\u00f3\u0142pracuje z wychowawcami klas, rodzicami, pedagogiem i psychologiem szkolnym.<\/p>\n<p style=\"text-align: right;\">&nbsp;&nbsp;&nbsp;&nbsp;&nbsp;&nbsp;&nbsp;&nbsp;&nbsp;&nbsp;&nbsp; Wychowawcy \u015bwietlicy szkolnej:<\/p>\n<p style=\"text-align: right;\">Ewa Celeba\u0144ska \u2013 Pawlik, Barbara Herczy\u0144ska. Barbara Hyska, Joanna Nowicka<\/p>\n<p style=\"text-align: center;\"><img fetchpriority=\"high\" decoding=\"async\" class=\"alignnone size-full wp-image-8029\" src=\"https:\/\/spkluczewsko.pl\/wp-content\/uploads\/2023\/03\/DSC_1393.jpg\" alt=\"\" width=\"338\" height=\"600\" srcset=\"https:\/\/spkluczewsko.pl\/wp-content\/uploads\/2023\/03\/DSC_1393.jpg 338w, https:\/\/spkluczewsko.pl\/wp-content\/uploads\/2023\/03\/DSC_1393-169x300.jpg 169w\" sizes=\"(max-width: 338px) 100vw, 338px\" \/><\/p>\n","protected":false},"excerpt":{"rendered":"<p>\u015awietlica szkolna funkcjonuje od godz. 7-16. W tym czasie przebywaj\u0105 w niej uczniowie doje\u017cd\u017caj\u0105cy autobusem szkolnym, oczekuj\u0105cy na przyj\u015bcie rodzic\u00f3w czy opiekun\u00f3w oraz maj\u0105cy przerw\u0119 w nauce wynikaj\u0105c\u0105 z planu nauczania. Wychowawcy czuwaj\u0105 nad bezpiecze\u0144stwem i dbaj\u0105 o przystosowanie si\u0119 wychowank\u00f3w do regu\u0142 obowi\u0105zuj\u0105cych w \u015bwietlicy. &nbsp;&nbsp;&nbsp;&nbsp;&nbsp;&nbsp;&nbsp;&nbsp;&nbsp;&nbsp;&nbsp; Realizowane s\u0105 zaj\u0119cia [&hellip;]<\/p>\n","protected":false},"author":2,"featured_media":0,"parent":0,"menu_order":0,"comment_status":"closed","ping_status":"closed","template":"","meta":{"ngg_post_thumbnail":0,"footnotes":""},"class_list":["post-2115","page","type-page","status-publish","hentry"],"_links":{"self":[{"href":"https:\/\/spkluczewsko.pl\/index.php?rest_route=\/wp\/v2\/pages\/2115","targetHints":{"allow":["GET"]}}],"collection":[{"href":"https:\/\/spkluczewsko.pl\/index.php?rest_route=\/wp\/v2\/pages"}],"about":[{"href":"https:\/\/spkluczewsko.pl\/index.php?rest_route=\/wp\/v2\/types\/page"}],"author":[{"embeddable":true,"href":"https:\/\/spkluczewsko.pl\/index.php?rest_route=\/wp\/v2\/users\/2"}],"replies":[{"embeddable":true,"href":"https:\/\/spkluczewsko.pl\/index.php?rest_route=%2Fwp%2Fv2%2Fcomments&post=2115"}],"version-history":[{"count":3,"href":"https:\/\/spkluczewsko.pl\/index.php?rest_route=\/wp\/v2\/pages\/2115\/revisions"}],"predecessor-version":[{"id":8030,"href":"https:\/\/spkluczewsko.pl\/index.php?rest_route=\/wp\/v2\/pages\/2115\/revisions\/8030"}],"wp:attachment":[{"href":"https:\/\/spkluczewsko.pl\/index.php?rest_route=%2Fwp%2Fv2%2Fmedia&parent=2115"}],"curies":[{"name":"wp","href":"https:\/\/api.w.org\/{rel}","templated":true}]}}

Świetlica

<p style="text-align: justify;">Świetlica szkolna funkcjonuje od godz. 7-16. W tym czasie przebywają w niej uczniowie dojeżdżający autobusem szkolnym, oczekujący na przyjście rodziców czy opiekunów oraz mający przerwę w nauce wynikającą z planu nauczania.</p>
<p style="text-align: justify;">Wychowawcy czuwają nad bezpieczeństwem i dbają o przystosowanie się wychowanków do reguł obowiązujących w świetlicy.</p>
<p style="text-align: justify;">&nbsp;&nbsp;&nbsp;&nbsp;&nbsp;&nbsp;&nbsp;&nbsp;&nbsp;&nbsp;&nbsp; Realizowane są zajęcia zgodnie z tygodniowym rozkładem:</p>
<ul style="text-align: justify;">
<li>zajęcia plastyczne</li>
<li>zajęcia umuzykalniające</li>
<li>zajęcia czytelnicze</li>
<li>gry i zabawy zespołowe</li>
<li>zabawy tematyczne</li>
<li>pogadanki, konkursy</li>
<li>zabawy z wykorzystaniem dramy</li>
<li>zabawy konstrukcyjno &#8211; manipulacyjne</li>
<li>zajęcia rekreacyjno – ruchowe</li>
</ul>
<p style="text-align: justify;">Uczniowie bardzo chętnie sięgają po gry planszowe i klocki, które co roku uzupełniane są nowymi i atrakcyjnymi.</p>
<p style="text-align: justify;">Świetlica szkolna wspomaga działania szkoły w procesie dydaktyczno – wychowawczym, współpracuje z wychowawcami klas, rodzicami, pedagogiem i psychologiem szkolnym.</p>
<p style="text-align: right;">&nbsp;&nbsp;&nbsp;&nbsp;&nbsp;&nbsp;&nbsp;&nbsp;&nbsp;&nbsp;&nbsp; Wychowawcy świetlicy szkolnej:</p>
<p style="text-align: right;">Ewa Celebańska – Pawlik, Barbara Herczyńska. Barbara Hyska, Joanna Nowicka</p>
<p style="text-align: center;"><img fetchpriority="high" decoding="async" class="alignnone size-full wp-image-8029" src="https://spkluczewsko.pl/wp-content/uploads/2023/03/DSC_1393.jpg" alt="" width="338" height="600" srcset="https://spkluczewsko.pl/wp-content/uploads/2023/03/DSC_1393.jpg 338w, https://spkluczewsko.pl/wp-content/uploads/2023/03/DSC_1393-169x300.jpg 169w" sizes="(max-width: 338px) 100vw, 338px" /></p>

<p>Świetlica szkolna funkcjonuje od godz. 7-16. W tym czasie przebywają w niej uczniowie dojeżdżający autobusem szkolnym, oczekujący na przyjście rodziców czy opiekunów oraz mający przerwę w nauce wynikającą z planu nauczania. Wychowawcy czuwają nad bezpieczeństwem i dbają o przystosowanie się wychowanków do reguł obowiązujących w świetlicy. &nbsp;&nbsp;&nbsp;&nbsp;&nbsp;&nbsp;&nbsp;&nbsp;&nbsp;&nbsp;&nbsp; Realizowane są zajęcia [&hellip;]</p>
