{"id":2123,"date":"2021-09-15T08:47:01","date_gmt":"2021-09-15T06:47:01","guid":{"rendered":"http:\/\/spkluczewsko.pl\/?page_id=2123"},"modified":"2025-09-23T17:29:16","modified_gmt":"2025-09-23T15:29:16","slug":"zajecia-sportowe","status":"publish","type":"page","link":"https:\/\/spkluczewsko.pl\/?page_id=2123","title":{"rendered":"Zaj\u0119cia sportowe"},"content":{"rendered":"<p style=\"text-align: center;\"><span style=\"font-size: 18pt;\"><strong>Zaj\u0119cia Sportowe w Roku Szkolnym 2025\/2026<\/strong><\/span><\/p>\n<p style=\"text-align: center;\"><strong>Harmonogram zaj\u0119\u0107:<\/strong><\/p>\n<p style=\"text-align: center;\">wkr\u00f3tce&#8230;<\/p>\n<table style=\"height: 120px; width: 100%; border-collapse: collapse; border-style: double;\">\n<tbody>\n<tr style=\"height: 24px; background-color: #15e668;\">\n<td style=\"width: 25%; height: 24px; text-align: center;\"><strong>Dzie\u0144:<\/strong><\/td>\n<td style=\"width: 25%; height: 24px; text-align: center;\"><strong>Godziny:<\/strong><\/td>\n<td style=\"width: 25%; height: 24px; text-align: center;\"><strong>Grupa:<\/strong><\/td>\n<td style=\"width: 25%; height: 24px; text-align: center;\"><strong>Prowadz\u0105cy:<\/strong><\/td>\n<\/tr>\n<tr style=\"height: 24px; background-color: #10ebe0;\">\n<td style=\"width: 25%; height: 24px; text-align: center;\">Poniedzia\u0142ek<\/td>\n<td style=\"width: 25%; height: 24px; text-align: center;\">&nbsp;<\/td>\n<td style=\"width: 25%; height: 24px; text-align: center;\">&nbsp;<\/td>\n<td style=\"width: 25%; height: 24px; text-align: center;\">&nbsp;<\/td>\n<\/tr>\n<tr style=\"height: 24px; background-color: #d99898;\">\n<td style=\"width: 25%; height: 24px; text-align: center;\">Poniedzia\u0142ek<\/td>\n<td style=\"width: 25%; height: 24px; text-align: center;\">&nbsp;<\/td>\n<td style=\"width: 25%; height: 24px; text-align: center;\">&nbsp;<\/td>\n<td style=\"width: 25%; height: 24px; text-align: center;\">&nbsp;<\/td>\n<\/tr>\n<tr style=\"height: 24px; background-color: #ebdd17;\">\n<td style=\"width: 25%; height: 24px; text-align: center;\">Poniedzia\u0142ek<\/td>\n<td style=\"width: 25%; height: 24px; text-align: center;\">&nbsp;<\/td>\n<td style=\"width: 25%; height: 24px; text-align: center;\">&nbsp;<\/td>\n<td style=\"width: 25%; height: 24px; text-align: center;\">&nbsp;<\/td>\n<\/tr>\n<tr style=\"background-color: #96cf59;\">\n<td style=\"width: 25%; text-align: center;\">&nbsp;<\/td>\n<td style=\"width: 25%; text-align: center;\">&nbsp;<\/td>\n<td style=\"width: 25%; text-align: center;\">&nbsp;<\/td>\n<td style=\"width: 25%; text-align: center;\">&nbsp;<\/td>\n<\/tr>\n<tr style=\"background-color: #f50c0c;\">\n<td style=\"width: 25%; text-align: center;\">&nbsp;<\/td>\n<td style=\"width: 25%; text-align: center;\">&nbsp;<\/td>\n<td style=\"width: 25%; text-align: center;\">&nbsp;<\/td>\n<td style=\"width: 25%; text-align: center;\">&nbsp;<\/td>\n<\/tr>\n<tr style=\"background-color: #e113e8;\">\n<td style=\"width: 25%; text-align: center;\">Wtorek<\/td>\n<td style=\"width: 25%; text-align: center;\">&nbsp;<\/td>\n<td style=\"width: 25%; text-align: center;\">&nbsp;<\/td>\n<td style=\"width: 25%; text-align: center;\">&nbsp;<\/td>\n<\/tr>\n<tr style=\"background-color: #63e612;\">\n<td style=\"width: 25%; text-align: center;\">&nbsp;<\/td>\n<td style=\"width: 25%; text-align: center;\">&nbsp;<\/td>\n<td style=\"width: 25%; text-align: center;\">&nbsp;<\/td>\n<td style=\"width: 25%; text-align: center;\">&nbsp;<\/td>\n<\/tr>\n<tr style=\"background-color: #ebe310;\">\n<td style=\"width: 25%; text-align: center;\">&nbsp;<\/td>\n<td style=\"width: 25%; text-align: center;\">&nbsp;<\/td>\n<td style=\"width: 25%; text-align: center;\">&nbsp;<\/td>\n<td style=\"width: 25%; text-align: center;\">&nbsp;<\/td>\n<\/tr>\n<tr style=\"background-color: #ba8720;\">\n<td style=\"width: 25%; text-align: center;\">&nbsp;<\/td>\n<td style=\"width: 25%; text-align: center;\">&nbsp;<\/td>\n<td style=\"width: 25%; text-align: center;\">&nbsp;<\/td>\n<td style=\"width: 25%; text-align: center;\">&nbsp;<\/td>\n<\/tr>\n<tr style=\"height: 24px; background-color: #d99898;\">\n<td style=\"width: 25%; height: 24px; text-align: center;\">\u015aroda<\/td>\n<td style=\"width: 25%; height: 24px; text-align: center;\">&nbsp;<\/td>\n<td style=\"width: 25%; height: 24px; text-align: center;\">&nbsp;<\/td>\n<td style=\"width: 25%; height: 24px; text-align: center;\">&nbsp;<\/td>\n<\/tr>\n<tr style=\"background-color: #ebdd17;\">\n<td style=\"width: 25%; text-align: center;\">\u015aroda<\/td>\n<td style=\"width: 25%; text-align: center;\">&nbsp;<\/td>\n<td style=\"width: 25%; text-align: center;\">&nbsp;<\/td>\n<td style=\"width: 25%; text-align: center;\">&nbsp;<\/td>\n<\/tr>\n<tr style=\"background-color: #32d3d9;\">\n<td style=\"width: 25%; text-align: center;\">&nbsp;<\/td>\n<td style=\"width: 25%; text-align: center;\">&nbsp;<\/td>\n<td style=\"width: 25%; text-align: center;\">&nbsp;<\/td>\n<td style=\"width: 25%; text-align: center;\">&nbsp;<\/td>\n<\/tr>\n<tr style=\"background-color: #e0791f;\">\n<td style=\"width: 25%; text-align: center;\">Czwartek<\/td>\n<td style=\"width: 25%; text-align: center;\">&nbsp;<\/td>\n<td style=\"width: 25%; text-align: center;\">&nbsp;<\/td>\n<td style=\"width: 25%; text-align: center;\">&nbsp;<\/td>\n<\/tr>\n<tr style=\"background-color: #dbbd12;\">\n<td style=\"width: 25%; text-align: center;\">&nbsp;<\/td>\n<td style=\"width: 25%; text-align: center;\">&nbsp;<\/td>\n<td style=\"width: 25%; text-align: center;\">&nbsp;<\/td>\n<td style=\"width: 25%; text-align: center;\">&nbsp;<\/td>\n<\/tr>\n<\/tbody>\n<\/table>\n<p style=\"text-align: center;\">&nbsp;<\/p>\n","protected":false},"excerpt":{"rendered":"<p>Zaj\u0119cia Sportowe w Roku Szkolnym 2025\/2026 Harmonogram zaj\u0119\u0107: wkr\u00f3tce&#8230; Dzie\u0144: Godziny: Grupa: Prowadz\u0105cy: Poniedzia\u0142ek &nbsp; &nbsp; &nbsp; Poniedzia\u0142ek &nbsp; &nbsp; &nbsp; Poniedzia\u0142ek &nbsp; &nbsp; &nbsp; &nbsp; &nbsp; &nbsp; &nbsp; &nbsp; &nbsp; &nbsp; &nbsp; Wtorek &nbsp; &nbsp; &nbsp; &nbsp; &nbsp; &nbsp; &nbsp; &nbsp; &nbsp; &nbsp; &nbsp; &nbsp; &nbsp; &nbsp; &nbsp; \u015aroda [&hellip;]<\/p>\n","protected":false},"author":2,"featured_media":0,"parent":0,"menu_order":0,"comment_status":"closed","ping_status":"closed","template":"","meta":{"ngg_post_thumbnail":0,"footnotes":""},"class_list":["post-2123","page","type-page","status-publish","hentry"],"_links":{"self":[{"href":"https:\/\/spkluczewsko.pl\/index.php?rest_route=\/wp\/v2\/pages\/2123","targetHints":{"allow":["GET"]}}],"collection":[{"href":"https:\/\/spkluczewsko.pl\/index.php?rest_route=\/wp\/v2\/pages"}],"about":[{"href":"https:\/\/spkluczewsko.pl\/index.php?rest_route=\/wp\/v2\/types\/page"}],"author":[{"embeddable":true,"href":"https:\/\/spkluczewsko.pl\/index.php?rest_route=\/wp\/v2\/users\/2"}],"replies":[{"embeddable":true,"href":"https:\/\/spkluczewsko.pl\/index.php?rest_route=%2Fwp%2Fv2%2Fcomments&post=2123"}],"version-history":[{"count":15,"href":"https:\/\/spkluczewsko.pl\/index.php?rest_route=\/wp\/v2\/pages\/2123\/revisions"}],"predecessor-version":[{"id":11133,"href":"https:\/\/spkluczewsko.pl\/index.php?rest_route=\/wp\/v2\/pages\/2123\/revisions\/11133"}],"wp:attachment":[{"href":"https:\/\/spkluczewsko.pl\/index.php?rest_route=%2Fwp%2Fv2%2Fmedia&parent=2123"}],"curies":[{"name":"wp","href":"https:\/\/api.w.org\/{rel}","templated":true}]}}