{"id":2137,"date":"2021-09-15T08:49:38","date_gmt":"2021-09-15T06:49:38","guid":{"rendered":"http:\/\/spkluczewsko.pl\/?page_id=2137"},"modified":"2023-03-06T20:51:30","modified_gmt":"2023-03-06T19:51:30","slug":"dziecieco-mlodziezowy-dkk","status":"publish","type":"page","link":"https:\/\/spkluczewsko.pl\/?page_id=2137","title":{"rendered":"Dzieci\u0119co &#8211; M\u0142odzie\u017cowy DKK"},"content":{"rendered":"<div class=\"swm-post-title-section\">\n<div class=\"swm-post-title-content\">\n<div class=\"swm-post-title\">\n<div class=\"swm-post-title-section\">\n<div class=\"swm-post-title-content\">\n<div class=\"swm-post-title\">&nbsp;<\/div>\n<\/div>\n<\/div>\n<\/div>\n<\/div>\n<\/div>\n<p style=\"text-align: center;\"><strong>Dzieci\u0119co &#8211; M\u0142odzie\u017cowy Dyskusyjny Klub Ksi\u0105\u017cki<\/strong><\/p>\n<p style=\"text-align: center;\"><img fetchpriority=\"high\" decoding=\"async\" class=\"alignnone size-full wp-image-8014\" src=\"https:\/\/spkluczewsko.pl\/wp-content\/uploads\/2023\/03\/dsc_1104-1.jpg\" alt=\"\" width=\"898\" height=\"600\" srcset=\"https:\/\/spkluczewsko.pl\/wp-content\/uploads\/2023\/03\/dsc_1104-1.jpg 898w, https:\/\/spkluczewsko.pl\/wp-content\/uploads\/2023\/03\/dsc_1104-1-300x200.jpg 300w, https:\/\/spkluczewsko.pl\/wp-content\/uploads\/2023\/03\/dsc_1104-1-768x513.jpg 768w\" sizes=\"(max-width: 898px) 100vw, 898px\" \/><\/p>\n<p style=\"text-align: center;\"><strong>Uczniowie kl. IV, Va, Vb, VIa, VIb i VIII nale\u017c\u0105cy do Dzieci\u0119co- M\u0142odzie\u017cowego Dyskusyjnego Klubu Ksi\u0105\u017cki w roku szkolnym 2022\/2023<\/strong><\/p>\n<p style=\"text-align: center;\"><strong>I rz\u0105d od lewej: D\u017cesika Zeler, Jessica Wytrych, Liliana Owsikowska, Alicja Budryk, Weronika Dusza, Mi\u0142osz W\u0105sowicz.<\/strong><\/p>\n<p style=\"text-align: center;\"><strong>II rz\u0105d od lewej: Aleksandra Jandu\u0142a, Ewelina \u015apiechowicz, Olga Wi\u015bniewska, Ma\u0142gorzata Gacek, Maja Ruci\u0144ska, Lena Czarny Marsza\u0142ek, Natalia Tomczyk, Gabriela Barszcz, Emilia Kowal, Kaspian \u0141azarski, Zuzanna Hyska.<\/strong><\/p>\n<p style=\"text-align: center;\"><strong>III rz\u0105d od lewej: Magdalena Wojciechowska, Marta Borkowska, Emilia Dobrowolska, Amelia Pura, Miko\u0142aj D\u0119bowski, Mateusz Wicik, Daniel Binkowski, Amelia Jo\u0144czyk (nieobecna).<\/strong><\/p>\n<p style=\"text-align: center;\">************************************************************************************************************<\/p>\n<p><img decoding=\"async\" class=\"aligncenter\" src=\"https:\/\/spkluczewsko.pl\/wp-content\/uploads\/2021\/09\/dsc_0711.jpg\" alt=\"\" width=\"901\" height=\"600\"><\/p>\n<p style=\"text-align: center;\"><strong>Uczniowie nale\u017c\u0105cy do Dzieci\u0119co \u2013 M\u0142odzie\u017cowego Dyskusyjnego Klubu Ksi\u0105\u017cki<\/strong><\/p>\n<p style=\"text-align: center;\"><strong>w Roku Szkolnym 2020\/2021.<\/strong><\/p>\n<p style=\"text-align: center;\"><strong>Gabriela Barszcz, Emilia Kowal, Blanka Celeba\u0144ska, Daniel Binkowski &#8211; kl. IVb.<\/strong><\/p>\n<p style=\"text-align: center;\"><strong>Dawid \u0141\u0105czek \u2013 kl.VI.<\/strong><\/p>\n<p style=\"text-align: center;\"><strong>Nadia Wojtczyk, Ada Prokop, Katarzyna Turczyn, Klaudia Wicik \u2013 kl.VIIa.<\/strong><\/p>\n<p style=\"text-align: center;\"><strong>Anna Grabiec, Nina \u0141\u0105czek, Wiktoria \u0141\u0119cka, Lena Migo\u0144, Weronika Piskorek, Kinga Turczyn, Kacper Stypka, Natalia Toborek, Kamil Turczyn, Emilia W\u00f3jcik \u2013 kl. VIIIb.<\/strong><\/p>\n<p style=\"text-align: center;\"><strong>************************************************************************************<\/strong><\/p>\n<p style=\"text-align: center;\"><strong>W pa\u017adzierniku i listopadzie odbywa\u0142y si\u0119 grupowe spotkania uczni\u00f3w nale\u017c\u0105cych do Dzieci\u0119co &#8211; M\u0142odzie\u017cowego Dyskusyjnego Klubu Ksi\u0105\u017cki, podczas kt\u00f3rych wsp\u00f3lnie omawiali\u015bmy nowel\u0119 Stefana \u017beromskiego pt.&#8221; Rozdziobi\u0105 nas kruki i wrony&#8221;. Akcja opowiadania rozgrywa si\u0119 pod koniec powstania styczniowego i opisuje los powsta\u0144ca Szymona Winrycha, kt\u00f3ry ginie z r\u0105k rosyjskich \u017co\u0142nierzy. Autor ukazuje ci\u0119\u017cki los bohatera i ca\u0142ej naszej Ojczyzny.&nbsp;<br \/>\nZach\u0119camy wszystkich do przeczytania tej poruszaj\u0105cej noweli.<\/strong><\/p>\n<p><strong>Czwarte spotkanie ju\u017c za nami&#8230;<\/strong><\/p>\n<p><img decoding=\"async\" class=\"aligncenter\" src=\"https:\/\/spkluczewsko.pl\/wp-content\/uploads\/2021\/09\/dscf9334.jpg\" alt=\"\" width=\"800\" height=\"600\"><\/p>\n<p>W dniu 14.03.2017r. w bibliotece szkolnej odby\u0142o si\u0119 kolejne spotkanie uczni\u00f3w nale\u017c\u0105cych do Dzieci\u0119co \u2013 M\u0142odzie\u017cowego Dyskusyjnego Klubu Ksi\u0105\u017cki. Tym razem wsp\u00f3lnie dyskutowali\u015bmy i omawiali\u015bmy ksi\u0105\u017ck\u0119 A. C. Doyle pt. \u201ePrzygody Sherlocka Holmesa\u201d.<\/p>\n<p>\u201eSherlock Holmes to genialny detektyw, gentelman o nienagannych manierach, kt\u00f3rego pasj\u0105 s\u0105 kryminalne zagadki, palenie fajki i gra na skrzypcach\u201d. Sherlock mieszka w Londynie wraz ze swoim przyjacielem, doktorem Watsonem, z kt\u00f3rym wsp\u00f3lnie \u201erozwi\u0105zuj\u0105\u201d zagadki kryminalne.<\/p>\n<p>Zach\u0119camy wszystkich do przeczytania powy\u017cszej ksi\u0105\u017cki . My\u015blimy, \u017ce ka\u017cdy znajdzie w niej co\u015b dla siebie. Na kolejnym spotkaniu (w kwietniu) b\u0119dziemy omawia\u0107 ksi\u0105\u017ck\u0119 Gra\u017cyny B\u0105kiewicz \u201eAle kino!\u201d<\/p>\n<p>Zdj\u0119cia<a href=\"https:\/\/www.facebook.com\/pg\/ZPSKluczewsko\/photos\/?tab=album&amp;album_id=1883024951968136\">&nbsp;TUTAJ:<\/a><\/p>\n<p><em><strong>Trzecie spotkanie naszego Klubu!<\/strong><\/em><\/p>\n<p>W dniu 20.12.2016r. odby\u0142o si\u0119 kolejne spotkanie z Dzieci\u0119co \u2013 M\u0142odzie\u017cowym Dyskusyjnym Klubem Ksi\u0105\u017cki. Tym razem, tu\u017c przed \u015bwi\u0119tami, wsp\u00f3lnie dyskutowali\u015bmy na temat ksi\u0105\u017cki&nbsp;<strong>Ma\u0142gorzaty Musierowicz pt. \u201eKwiat kalafiora\u201d<\/strong>.<\/p>\n<p>Akcja utworu toczy si\u0119 w 1977r. w Poznaniu. Autorka w ciekawy spos\u00f3b opisuje losy rodziny Borejk\u00f3w. Zwyczajne \u017cycie w rodzinie zmienia si\u0119 w\u00f3wczas, kiedy p. Mila, mama czterech c\u00f3rek idzie do szpitala. Opieka nad rodze\u0144stwem i ojcem spada na najstarsz\u0105 z c\u00f3rek \u2013 Gabrysi\u0119. Dziewczynka musi zmierzy\u0107 si\u0119 z sytuacjami i problemami \u017cycia codziennego. Wszyscy podziwiali\u015bmy Gabrysi\u0119, kt\u00f3ra przejmuj\u0105c obowi\u0105zki mamy doskonale poradzi\u0142a sobie z rol\u0105 \u201e gospodyni domowej\u201d. Nale\u017cy doda\u0107 , i\u017c czasy opisane w utworze r\u00f3\u017cni\u0105 si\u0119 znacznie od dzisiejszych. Uczniowie z DzMDKK&nbsp; zwr\u00f3cili na to uwag\u0119 czytaj\u0105c zaznaczone przez siebie fragmenty, z kt\u00f3rych wynika, \u017ce palenie w piecach kaflowych, stanie w d\u0142ugich kolejkach i kupowanie produkt\u00f3w \u017cywno\u015bciowych tylko na karki, to w tamtym okresie codzienno\u015b\u0107. &nbsp;<\/p>\n<p>Dlaczego taki tytu\u0142 utworu?- dowie si\u0119 ka\u017cdy, kto przeczyta powy\u017csz\u0105 ksi\u0105\u017ck\u0119.<\/p>\n<p>Zapraszamy i zach\u0119camy do czytania!<\/p>\n<p>Kolejne spotkanie klubu odb\u0119dzie si\u0119 po feriach. Wtedy wsp\u00f3lnie b\u0119dziemy dyskutowa\u0107 na temat ksi\u0105\u017cki A. Conana Doyle pt. \u201e Przygody Sherlocka Holmesa\u201d.<\/p>\n<p><em>Ma\u0142gorzata Walasek<\/em><\/p>\n<p>Zdj\u0119cia&nbsp;<a href=\"https:\/\/www.facebook.com\/ZPSKluczewsko\/photos\/?tab=album&amp;album_id=1845315145739117\">TUTAJ:<\/a><\/p>\n<p><em><strong>Drugie spotkanie naszego klubu&#8230;<\/strong><\/em><\/p>\n<p>W dniu 4.11.2016r. w Bibliotece Szkolnej w Kluczewsku odby\u0142o si\u0119 kolejne spotkanie Dzieci\u0119co \u2013 M\u0142odzie\u017cowego Dyskusyjnego Klubu Ksi\u0105\u017cki, na kt\u00f3rym wsp\u00f3lnie omawiali\u015bmy ksi\u0105\u017ck\u0119 Andrzeja Maleszki pt. \u201e Magiczne Drzewo \u2013 \u015awiat Ogromnych\u201d. Ka\u017cdy z klubowicz\u00f3w w swobodny spos\u00f3b wypowiedzia\u0142 si\u0119 na temat przeczytanego przez siebie utworu, por\u00f3wnuj\u0105c \u015bwiat realn z fantastyk\u0105. Korzystaj\u0105c ze wskaz\u00f3wek jakie udzieli\u0142a nam na poprzednim spotkaniu blogerka ksi\u0105\u017ckowa p. Ewelina Bartocha, wsp\u00f3lnie napisali\u015bmy recenzje.<\/p>\n<p>Zaczarowane puzzle.<\/p>\n<p>\u015awiat fantasy. \u015awiat nieograniczonej wyobra\u017ani. \u015awiat pe\u0142en przyg\u00f3d. \u015awiat bez granic. Tak najlepiej mo\u017cna opisa\u0107 historie stworzone przez Andrzeja Maleszk\u0119. Jego ksi\u0105\u017cki z serii \u201eMagiczne Drzewo\u201d s\u0105 bardzo popularne w\u015br\u00f3d m\u0142odzie\u017cy, tej m\u0142odszej i tej nieco starszej. Pe\u0142ne przygody, humoru i zabawy historie m\u0142odych bohater\u00f3w to prawdziwa rozrywka dla niejednego czytelnika. \u201e\u015awiat Ogromnych\u201d to kolejna ksi\u0105\u017cka, w kt\u00f3rej prze\u017cyjemy magiczn\u0105 przygod\u0119.<\/p>\n<p><em>\u201ePatrzyli ponuro w ciemno\u015b\u0107. Parking otacza\u0142y gigantyczne drzewa. Na niebie fruwa\u0142y wielkie czarne nietoperze. Poczuli si\u0119 bardzo mali w tym ogromnym \u015bwiecie.\u201d<\/em><\/p>\n<p>Tym razem m\u0142odzi bohaterowie przenosz\u0105 si\u0119 do \u015bwiata ogromnych za spraw\u0105 magicznych puzzli. Musz\u0105 zmierzy\u0107 si\u0119 z mas\u0105 niebezpiecze\u0144stw, stawi\u0107 czo\u0142o niejednemu olbrzymowi i odnale\u017a\u0107 zaginionego syna nauczycielki. I najwa\u017cniejsze\u2026 musz\u0105 odnale\u017a\u0107 puzzle, kt\u00f3re przenios\u0105 ich z powrotem do domu.<\/p>\n<p>Seria \u201eMagiczne Drzewo\u201d to bardzo ciekawe i m\u0105dre ksi\u0105\u017cki dla m\u0142odych ludzi. Andrzej Maleszka tworzy coraz to fantastyczniejsze przygody sprawiaj\u0105c, \u017ce z ka\u017cdym tomem grono jego fan\u00f3w si\u0119 poszerza. Tym razem autor zabiera nas do \u015bwiata olbrzym\u00f3w, gdzie koty s\u0105 wielko\u015bci lw\u00f3w, bociany wygl\u0105daj\u0105 jak \u017cyrafy, a ludzie maj\u0105 wysoko\u015b\u0107 kilku pi\u0119ter wie\u017cowca. W tym \u015bwiecie mali bohaterowie prze\u017cywaj\u0105 du\u017co przyg\u00f3d, jedne zabawne, inne przera\u017caj\u0105ce. A\u017c si\u0119 w\u0142os je\u017cy na g\u0142owie, gdy czytamy o olbrzymich ludziach, ogromnych zwierz\u0119tach, przed kt\u00f3rymi musz\u0105 ucieka\u0107 bohaterowie.<\/p>\n<p>\u201e\u015awiat Ogromnych\u201d to zabawna, m\u0105dra i pouczaj\u0105ca ksi\u0105\u017cka. Dzi\u0119ki takim ksi\u0105\u017ckom kszta\u0142tuj\u0105 si\u0119 umys\u0142y m\u0142odych ludzi. Autor bardzo starannie dobiera s\u0142ownictwo. Styl jest przejrzysty, przez co ksi\u0105\u017ck\u0119 czyta si\u0119 jednym tchem. Oprawa graficzna zas\u0142uguje na pochwa\u0142\u0119. Przerywniki w postaci bardzo \u0142adnych zdj\u0119\u0107, kt\u00f3re idealnie wpasowuj\u0105 si\u0119 w dan\u0105 akcj\u0119 to bardzo fajny pomys\u0142. Dzi\u0119ki takim \u201estoperom\u201d czytanie staje si\u0119 bardziej atrakcyjne i przyjemniejsze dla m\u0142odych czytelnik\u00f3w. Cho\u0107 wyobra\u017ania czytelnika nie zna granic, to dzi\u0119ki ilustracjom zamieszczonym w ksi\u0105\u017cce nie mamy problemu z wyobra\u017ceniem sobie bohater\u00f3w. Andrzej Maleszka zadba\u0142, by czytelnik nie nudzi\u0142 si\u0119 cho\u0107by przez chwil\u0119. Akcja goni akcj\u0119, a jej niespodziewane zwroty prowadz\u0105 do ca\u0142ej gamy emocji. Czujemy si\u0119 jak na przeja\u017cd\u017cce prawdziwym rollercoasterem z\u0142o\u017conym z emocji, obaw, \u015bmiechu i adrenaliny.<\/p>\n<p><em>\u201eMamy zawsze kochaj\u0105 dzieci, nawet gdy s\u0105 troch\u0119 nietypowe.\u201d<\/em><\/p>\n<p>G\u0142\u00f3wni bohaterowie to bardzo bystrzy, m\u0105drzy m\u0142odzi ludzie. W ich wykreowanie autor w\u0142o\u017cy ca\u0142e serce, co wida\u0107 na ka\u017cdej stronie. Mimo m\u0142odego wieku dostrzegamy u nich odwag\u0119 i ch\u0119\u0107 do pokonywania r\u00f3\u017cnych przeszk\u00f3d, a tak\u017ce ch\u0119\u0107 na nowe przygody. Oni nie znaj\u0105 granic i mimo powa\u017cnych misji umiej\u0105 si\u0119 dobrze bawi\u0107. Bohaterowie drugoplanowi to r\u00f3wnie\u017c barwne postacie. Autor zadba\u0142 o czarne charaktery, czyli z\u0142ych i pod\u0142ych r\u00f3wie\u015bnik\u00f3w naszych bohater\u00f3w. Wiadomo, \u017ce w naszej rzeczywisto\u015bci znajd\u0105 si\u0119 dokuczliwe dzieciaki. Tak samo i w \u201e\u015awiecie Ogromnych\u201d ich nie zabraknie.<\/p>\n<p>Ka\u017cd\u0105 powie\u015b\u0107 z serii \u201eMagiczne Drzewo\u201d mo\u017cna czyta\u0107 oddzielnie, nie znaj\u0105c wcze\u015bniejszych cz\u0119\u015bci. To bardzo fajne rozwi\u0105zanie. Dlatego po \u201e\u015awiat Olbrzymich\u201d mo\u017cna si\u0119ga\u0107 bez obawy, \u017ce nie przeczytali\u015bmy wcze\u015bniejszych pozycji. Bohaterowie w ka\u017cdej cz\u0119\u015bci si\u0119 powtarzaj\u0105, fabu\u0142a w pewnym stopniu nawi\u0105zuje do poprzednich cz\u0119\u015bci, ale ksi\u0105\u017cka jest tak skonstruowana, \u017ce nie czujemy, aby nam co\u015b umkn\u0119\u0142o.<\/p>\n<p>Ksi\u0105\u017c\u0119 polecamy wszystkim m\u0142odym czytelnikom. To lektura idealna dla rozwijaj\u0105cych si\u0119 umys\u0142\u00f3w. Takich pozycji na rynku literatury powinno by\u0107 wi\u0119cej. Dzi\u0119ki nim m\u0142odzi czytelnicy maj\u0105 okazj\u0119 pozna\u0107 powie\u015bci fantasy po\u0142\u0105czone z przygod\u0105, a wiadomo, \u017ce to m\u0142odzi ludzie kochaj\u0105 najbardziej. Do tego ksi\u0105\u017cka uczy i pokazuje wa\u017cne warto\u015bci. Idealna dla m\u0142odych czytelnik\u00f3w. Polecamy!<\/p>\n<p>Kolejne spotkanie klubu odb\u0119dzie si\u0119 20 grudnia, na kt\u00f3rym wsp\u00f3lnie b\u0119dziemy dyskutowa\u0107 na temat ksi\u0105\u017cki Ma\u0142gorzaty Musierowicz pt. \u201e Kwiat kalafiora\u201d.<\/p>\n<p><em>Ma\u0142gorzata Walasek<\/em><\/p>\n<p><strong><em>Zaczynamy dyskutowa\u0107 o ksi\u0105\u017ckach\u2026<\/em><\/strong><\/p>\n<p>22 wrze\u015bnia w bibliotece szkolnej w Kluczewsku odby\u0142a si\u0119 inauguracja&nbsp;<strong>Dzieci\u0119co \u2013M\u0142odzie\u017cowego Dyskusyjnego Klubu Ksi\u0105\u017cki.<\/strong>&nbsp;Ch\u0119\u0107 udzia\u0142u w DKK zg\u0142osili&nbsp; uczniowie z klasy VIa i VIb. S\u0105 to:&nbsp;<strong>Magdalena Baran, Wioleta Kuli\u015b, Emilia Turczyn, Adrian G\u0119bski, Karolina Jambor, Karolina Jamr\u00f3z, Paulina Liczberska, Magdalena Oko\u0144, Aleksandra Teklak<\/strong>. W spotkaniu uczestniczy\u0142a pani dyrektor Zespo\u0142u Przedszkolno \u2013 Szkolnego&nbsp; Irena Orzechowska, kt\u00f3ra serdecznie powita\u0142a nowych klubowicz\u00f3w &nbsp;oraz podkre\u015bli\u0142a zalety czytania&nbsp; ksi\u0105\u017cek. Swoj\u0105 obecno\u015bci\u0105 zaszczyci\u0142a nas tak\u017ce blogerka ksi\u0105\u017ckowa, pani Ewelina Bartocha, kt\u00f3ra opowiedzia\u0142a o swojej pasji do&nbsp; czytania i recenzowania ksi\u0105\u017cek. Klubowicze zostali zapoznani z zasadami dzia\u0142ania &nbsp;DKK. W przyjaznej atmosferze m\u0142odzie\u017c wymienia\u0142a si\u0119 swoimi spostrze\u017ceniami dotycz\u0105cymi ksi\u0105\u017cek, kt\u00f3re warto przeczyta\u0107.&nbsp; Uczniowie otrzymali r\u00f3wnie\u017c pierwsz\u0105 pozycj\u0119 &nbsp;do przeczytania \u2013 ksi\u0105\u017ck\u0119 Andrzeja Maleszki pt. \u201eMagiczne drzewo \u2013 \u015awiat Ogromnych\u201d. Na zako\u0144czenie pani Ewelina rozda\u0142a wszystkim drobne upominki.<\/p>\n<p>Na kolejne spotkanie klubu zapraszamy 27 pa\u017adziernika!<\/p>\n<p><em>Ma\u0142gorzata Walasek<\/em><\/p>\n<p><img loading=\"lazy\" decoding=\"async\" class=\"aligncenter\" src=\"https:\/\/spkluczewsko.pl\/wp-content\/uploads\/2021\/09\/dm_dkk.jpg\" alt=\"\" width=\"800\" height=\"533\"><\/p>\n<p><em>Zdjecia&nbsp;<a href=\"https:\/\/www.facebook.com\/1672382229699077\/photos\/?tab=album&amp;album_id=1794423307494968\">TUTAJ:<\/a><\/em><\/p>\n","protected":false},"excerpt":{"rendered":"<p>&nbsp; Dzieci\u0119co &#8211; M\u0142odzie\u017cowy Dyskusyjny Klub Ksi\u0105\u017cki Uczniowie kl. IV, Va, Vb, VIa, VIb i VIII nale\u017c\u0105cy do Dzieci\u0119co- M\u0142odzie\u017cowego Dyskusyjnego Klubu Ksi\u0105\u017cki w roku szkolnym 2022\/2023 I rz\u0105d od lewej: D\u017cesika Zeler, Jessica Wytrych, Liliana Owsikowska, Alicja Budryk, Weronika Dusza, Mi\u0142osz W\u0105sowicz. II rz\u0105d od lewej: Aleksandra Jandu\u0142a, Ewelina [&hellip;]<\/p>\n","protected":false},"author":2,"featured_media":0,"parent":0,"menu_order":0,"comment_status":"closed","ping_status":"closed","template":"","meta":{"ngg_post_thumbnail":0,"footnotes":""},"class_list":["post-2137","page","type-page","status-publish","hentry"],"_links":{"self":[{"href":"https:\/\/spkluczewsko.pl\/index.php?rest_route=\/wp\/v2\/pages\/2137","targetHints":{"allow":["GET"]}}],"collection":[{"href":"https:\/\/spkluczewsko.pl\/index.php?rest_route=\/wp\/v2\/pages"}],"about":[{"href":"https:\/\/spkluczewsko.pl\/index.php?rest_route=\/wp\/v2\/types\/page"}],"author":[{"embeddable":true,"href":"https:\/\/spkluczewsko.pl\/index.php?rest_route=\/wp\/v2\/users\/2"}],"replies":[{"embeddable":true,"href":"https:\/\/spkluczewsko.pl\/index.php?rest_route=%2Fwp%2Fv2%2Fcomments&post=2137"}],"version-history":[{"count":13,"href":"https:\/\/spkluczewsko.pl\/index.php?rest_route=\/wp\/v2\/pages\/2137\/revisions"}],"predecessor-version":[{"id":8072,"href":"https:\/\/spkluczewsko.pl\/index.php?rest_route=\/wp\/v2\/pages\/2137\/revisions\/8072"}],"wp:attachment":[{"href":"https:\/\/spkluczewsko.pl\/index.php?rest_route=%2Fwp%2Fv2%2Fmedia&parent=2137"}],"curies":[{"name":"wp","href":"https:\/\/api.w.org\/{rel}","templated":true}]}}