{"id":7985,"date":"2023-03-01T13:12:36","date_gmt":"2023-03-01T12:12:36","guid":{"rendered":"http:\/\/spkluczewsko.pl\/?page_id=7985"},"modified":"2023-03-01T13:14:48","modified_gmt":"2023-03-01T12:14:48","slug":"izba-pamieci","status":"publish","type":"page","link":"https:\/\/spkluczewsko.pl\/?page_id=7985","title":{"rendered":"Izba Pami\u0119ci"},"content":{"rendered":"<p><strong>Szkolna Izba Pami\u0119ci w ZPS w Kluczewsku<\/strong><\/p>\n<p style=\"text-align: justify;\">W 2019r. nasza szko\u0142a otrzyma\u0142a imi\u0119 \u015bw. Jana Paw\u0142a II. Po tej uroczysto\u015bci otrzymali\u015bmy wiele cennych dar\u00f3w zwi\u0105zanych z postaci\u0105 naszego patrona. Zapocz\u0105tkowa\u0142y one pomys\u0142 utworzenia miejsca, w kt\u00f3rym mog\u0142yby by\u0107 eksponowane. W grudniu 2022r. powsta\u0142a Szkolna Izba Pami\u0119ci, w kt\u00f3rej znajduj\u0105 si\u0119 pami\u0105tki, zdj\u0119cia oraz rekwizyty zwi\u0105zane<br \/>\nz tw\u00f3rczo\u015bci\u0105 \u015bw. Jana Paw\u0142a II. Ca\u0142a Spo\u0142eczno\u015b\u0107 Szkolna w\u0142\u0105czy\u0142a si\u0119 w powi\u0119kszanie istniej\u0105cej kolekcji. Izb\u0119 pami\u0119ci odwiedzi\u0107 mo\u017cna w godzinach pracy szko\u0142y.<\/p>\nngg_shortcode_0_placeholder\n","protected":false},"excerpt":{"rendered":"<p>Szkolna Izba Pami\u0119ci w ZPS w Kluczewsku W 2019r. nasza szko\u0142a otrzyma\u0142a imi\u0119 \u015bw. Jana Paw\u0142a II. Po tej uroczysto\u015bci otrzymali\u015bmy wiele cennych dar\u00f3w zwi\u0105zanych z postaci\u0105 naszego patrona. Zapocz\u0105tkowa\u0142y one pomys\u0142 utworzenia miejsca, w kt\u00f3rym mog\u0142yby by\u0107 eksponowane. W grudniu 2022r. powsta\u0142a Szkolna Izba Pami\u0119ci, w kt\u00f3rej znajduj\u0105 si\u0119 [&hellip;]<\/p>\n","protected":false},"author":2,"featured_media":0,"parent":0,"menu_order":0,"comment_status":"closed","ping_status":"closed","template":"","meta":{"ngg_post_thumbnail":0,"footnotes":""},"class_list":["post-7985","page","type-page","status-publish","hentry"],"_links":{"self":[{"href":"https:\/\/spkluczewsko.pl\/index.php?rest_route=\/wp\/v2\/pages\/7985","targetHints":{"allow":["GET"]}}],"collection":[{"href":"https:\/\/spkluczewsko.pl\/index.php?rest_route=\/wp\/v2\/pages"}],"about":[{"href":"https:\/\/spkluczewsko.pl\/index.php?rest_route=\/wp\/v2\/types\/page"}],"author":[{"embeddable":true,"href":"https:\/\/spkluczewsko.pl\/index.php?rest_route=\/wp\/v2\/users\/2"}],"replies":[{"embeddable":true,"href":"https:\/\/spkluczewsko.pl\/index.php?rest_route=%2Fwp%2Fv2%2Fcomments&post=7985"}],"version-history":[{"count":2,"href":"https:\/\/spkluczewsko.pl\/index.php?rest_route=\/wp\/v2\/pages\/7985\/revisions"}],"predecessor-version":[{"id":7988,"href":"https:\/\/spkluczewsko.pl\/index.php?rest_route=\/wp\/v2\/pages\/7985\/revisions\/7988"}],"wp:attachment":[{"href":"https:\/\/spkluczewsko.pl\/index.php?rest_route=%2Fwp%2Fv2%2Fmedia&parent=7985"}],"curies":[{"name":"wp","href":"https:\/\/api.w.org\/{rel}","templated":true}]}}

Izba Pamięci

<p><strong>Szkolna Izba Pamięci w ZPS w Kluczewsku</strong></p>
<p style="text-align: justify;">W 2019r. nasza szkoła otrzymała imię św. Jana Pawła II. Po tej uroczystości otrzymaliśmy wiele cennych darów związanych z postacią naszego patrona. Zapoczątkowały one pomysł utworzenia miejsca, w którym mogłyby być eksponowane. W grudniu 2022r. powstała Szkolna Izba Pamięci, w której znajdują się pamiątki, zdjęcia oraz rekwizyty związane<br />
z twórczością św. Jana Pawła II. Cała Społeczność Szkolna włączyła się w powiększanie istniejącej kolekcji. Izbę pamięci odwiedzić można w godzinach pracy szkoły.</p>
ngg_shortcode_0_placeholder

<p>Szkolna Izba Pamięci w ZPS w Kluczewsku W 2019r. nasza szkoła otrzymała imię św. Jana Pawła II. Po tej uroczystości otrzymaliśmy wiele cennych darów związanych z postacią naszego patrona. Zapoczątkowały one pomysł utworzenia miejsca, w którym mogłyby być eksponowane. W grudniu 2022r. powstała Szkolna Izba Pamięci, w której znajdują się [&hellip;]</p>
